+ -6)?
-5
What is the value of 12 + -2 + -9 + 2?
3
Evaluate (3 - -3) + 1 + -4.
3
What is -3 + -1 + 0 + 11 + -9?
-2
Calculate -3 + (3 + 4 - 4).
0
-4 + (15 - 4) - 7
0
Calculate -7 + (23 - 23 - (-3 + 1)).
-5
(-4 - (0 - 3 - -1)) + 0
-2
Evaluate (-3 - 4 - -5) + -6 + 0.
-8
(2 + -4 - -6) + (-5 - 3)
-4
What is (4 - (-8 - -3)) + -8?
1
What is the value of 1 - 2 - 3 - -4?
0
What is the value of -4 - -2 - -1 - (-2 + 0)?
1
0 + -4 + (9 - 5)
0
What is (2 - 3) + 6 + 2 + -2?
5
What is 1 - (-5 - -4) - -3?
5
Calculate -4 - (-3 - 4 - 4).
7
1 + 7 + (-16 - -7)
-1
What is the value of -9 + 11 + (-1 - -1)?
2
What is -1 - ((0 - 2 - 2) + 2)?
1
What is (3 + -9 - -4) + 5?
3
(-10 - (9 - 10)) + 14
5
What is (-2 - (4 - 4 - -1)) + 6?
3
(0 - (1 - -2)) + -2 + 2
-3
7 + (-12 - -12 - 16)
-9
Calculate -9 - (3 - (3 - -3)).
-6
Calculate 10 - 11 - (0 + -2).
1
What is (1 - 1) + 2 - (-19 + 14)?
7
Calculate 0 - (-2 + 1 + -1).
2
What is the value of -1 - -1 - (1 + -1 - -4)?
-4
What is the value of 1 - (8 - (-1 - -7))?
-1
What is the value of (2 - 7) + -4 + 17 + -6?
2
What is the value of (-3 + 7 - 4) + -2?
-2
What is the value of -4 - ((2 - -2) + -6)?
-2
Calculate 3 + -7 + -12 + 21.
5
Calculate -1 - -5 - (1 + 7).
-4
Calculate -5 + 7 + (-6 - -2).
-2
0 + -5 + 6 + -1 + 2
2
8 + -7 + (-4 - -10)
7
What is the value of (12 + 3 - 13) + 0?
2
-5 + (25 + -10 - 7)
3
-13 - ((2 - 9) + 5)
-11
What is the value of -5 - -5 - ((0 - 0) + 2)?
-2
What is the value of 1 + -7 + (12 - 19 - -8)?
-5
What is the value of (-5 - 0) + -1 - -4?
-2
What is the value of -4 - (-6 - (-14 + -6 + 13))?
-5
What is (-2 - -5 - 1) + 4 + -1?
5
Evaluate (-1 - (1 - 6)) + -8.
-4
6 - (-9 + 4 + (14 - 8))
5
Evaluate (8 - 3) + 1 + (-1 - 4).
1
7 + -11 + (2 - (-13 + 7))
4
Calculate -2 - (1 - -1) - -9.
5
Calculate -7 + 9 + 6 + -5 + 1.
4
Calculate (1 - 8) + -41 + 44 + 9.
5
Evaluate -1 - (1 + -2 + 5).
-5
Evaluate -2 - -9 - (21 + -24).
10
Calculate (-12 - (-9 - -3)) + 1 + 0.
-5
1 - (-1 - -2 - (-5 - -4))
-1
Calculate 10 + (9 - 13) - 14.
-8
Calculate 4 + -5 - (-7 + 8 + -7).
5
What is 0 + (5 - 0) + -1 + -5?
-1
What is (2 - -1) + 2 + -2?
3
What is 0 - ((5 - -2) + 2 - 7)?
-2
(4 - 5) + -4 - -13 - 6
2
Evaluate -2 + 1 + -2 + 5.
2
-2 + (4 - (6 + -5))
1
-3 - 2 - (0 - 2)
-3
Evaluate 0 - (8 - 1 - 3).
-4
Evaluate 14 + -7 + -6 + 1.
2
Evaluate 4 + (13 + -10 - -3).
10
Calculate 1 + 3 + (4 - 11).
-3
Evaluate 1 - ((4 - 4) + -4 - -6).
-1
Calculate 0 + -2 + (0 - 3 - -3).
-2
What is the value of -27 - -30 - (0 + -2 - 0)?
5
What is the value of 2 + -3 - (-7 - -1)?
5
What is the value of 7 + (-13 - 0) - 2?
-8
Evaluate 0 + 3 + (60 - 59).
4
Evaluate -45 + 40 + 2 + 2 + 7.
6
What is 8 + -11 + 7 + -3?
1
(-53 - -50) + (2 - -1)
0
14 - (-6 - (4 + -18))
6
4 - (9 + (-11 - 0))
6
Calculate -2 - 1 - ((0 - 7) + 6).
-2
Calculate -4 + (6 - (-2 + -7 - -5)).
6
(6 - (-14 + 28)) + -2
-10
Evaluate 1 + -1 - (-3 + -2).
5
What is (2 - (5 - 12)) + 2?
11
Calculate (0 + 4 - 2) + (-15 - -10).
-3
9 + -15 + 13 - 0
7
6 + 0 - (-9 + 18)
-3
What is -4 + 3 + (4 - 1)?
2
What is the value of -6 + -1 - -2 - -5?
0
4 - (5 + 4) - -2 - -1
-2
(-4 + 7 - (1 - -8)) + 13
7
-7 + 8 + 2 + -8 + 2
-3
Evaluate -18 + 3 - (6 - 15).
-6
4 - (7 + 1 - 4)
0
Calculate 3 + (2 - (-1 - -6)) - 2.
-2
-1 - 3 - (-1 - (-4 + 3))
-4
Calculate (5 - 0) + (1 - 8).
-2
Calculate 4 + (-2 - (16 - 8)).
-6
-5 + -6 + 13 + 0
2
23 + -28 + (-1 - -1)
-5
Calculate (-3 - (-1 - -6)) + 3.
-5
What is -4 - (4 + -4 + 0)?
-4
What is the value of 1 + -6 + 3 + 1 + -3?
-4
Evaluate (-6 + 2 + -1 - -2) + 12.
9
Calculate 3 + (1 + -4 - -1).
1
Calculate (-2 - -2 - 3) + (0 - -1).
-2
2 - 4 - 2 - -7
3
-2 - (-2 - -1) - 3
-4
Evaluate 0 - (2 + -2 + 2 + 1).
-3
What is the value of 5 + 4 - 4 - 3?
2
Calculate (3 + 0 + 2 - 4) + 3.
4
Evaluate -8 - -13 - 8 - (0 + 0).
-3
Evaluate 3 + -2 + (0 - -9) + -5.
5
What is the value of -1 + 1 - -1 - (-1 - 1)?
3
(45 - 47) + 0 + (1 - 1)
-2
Calculate 3 - (18 + -7 + -8).
0
What is the value of -10 + -8 + 6 + 7?
-5
What is -1 - -3 - -2 - -1?
5
Calculate 6 - (5 - -3 - 4 - 3).
5
Calculate -6 - (0 + -4 + -3).
1
What is the value of (-1 - -4) + 0 - 0 - 0?
3
What is the value of -8 + (6 - (1 - 0))?
-3
Evaluate 5 - 2 - 0 - 6.
-3
Calculate -10 + 11 + (1 - 2) + 1.
1
Evaluate (-14 - -5) + (-3 - -6).
-6
Calculate -1 + (6 - (7 + 6)).
-8
Calculate (3 - 0) + (2 - 6) + 7.
6
Evaluate 7 + (13 - (-13 - -28)).
5
What is (-1 - -5 - -1) + 0 + 0?
5
Calculate 2 - (11 - 6 - -1).
-4
What is the value of -5 + -1 + 13 + -6?
1
Evaluate -6 - -12 - 5 - (0 + -1).
2
What is the value of -4 + (-2 - -1 - -3)?
-2
37 + -35 + (-6 - 1)
-5
(7 - -3) + (6 - 12)
4
What is the value of 4 + (-9 - -25 - 13)?
7
-7 + -1 - (1 - 6)
-3
0 + 1 + -14 + 6 + 8
1
0 + 0 + (-10 + 17 - 4)
3
What is 1 + (1 - 2) - (0 + -3)?
3
4 + (-2 - -4) + (-7 - -3)
2
Evaluate (10 - (15 + -6)) + -4.
-3
6 + (-1 + 3 - (5 + 0))
3
What is (3 - -2) + 2 + -7 + -6?
-6
Evaluate -7 + 3 - (0 - 3) - -3.
2
What is -4 + 0 + -3 + 5?
-2
Calculate -4 - (3 - 2 - 5).
0
Evaluate 0 + -3 + 9 + -1 + -10.
-5
0 - (0 + -3) - 2 - -4
5
-1 - (2 + 5 + 4 + -15)
3
Evaluate 4 - (2 - -3 - 7) - -1.
7
7 - (-5 - -20) - -22 - 4
10
Evaluate 2 + 0 + -2 - -4.
4
Calculate (5 + -10 - -3) + 0.
-2
Evaluate -2 + -1 + -1 + 4.
0
What is the value of 3 - 5 - (-3 + 5)?
-4
Evaluate -3 - (0 - 5 - 0) - 4.
-2
Evaluate 1 - (5 + -18) - (8 + -1).
7
What is the value of 6 - ((-5 - (-4 + 5)) + 8)?
4
-5 + (1 - -8) + -2
2
-7 - -6 - (1 + -1 + 0)
-1
What is the value of 1 + 2 - (-1 + 6 + 1)?
-3
What is 1 + 0 - (19 - (-6 + 21))?
-3
What is -15 + 17 + (1 - 5)?
-2
What is 2 - (-5 - (-10 - (-7 + 2)))?
2
What is (0 - (2 + 5 + -2)) + -3?
-8
What is the value of (2 - ((2 - 2) + -2)) + -3?
1
What is the value of -14 + 15 - (0 + 1 + 0)?
0
1 + (2 - (4 + 2 + -4))
1
Calculate -31 + 27 - (0 - 1).
-3
-1 - -3 - (1 - (-8 + 10))
3
Calculate (14 + 0 - 10) + -6.
-2
What is -1 - 1 - ((-17 - -15) + 1)?
-1
What is (10 + -3 + -4 - 5) + 0?
-2
-2 + (-8 - -15 - 4)
1
Evaluate 5 - (11 + -8) - -4.
6
Calculate (0 - (-7 - -2 - -2)) + 0.
3
What is -8 - -1 - (1 + -3)?
-5
What is 14 + -16 - (-3 - -1) - 0?
0
Calculate (3 - (-4 + 2)) + -6 + 0.
-1
-19 - (-8 + (-3 - 2 - -5))
-11
What is 1 + 6 + 4 - 6?
5
What is the value of 0 - ((0 - 5) + -1)?
6
Calculate -3 + 3 + (0 - -1 - 0).
1
What is the value of 2 + ((-11 - -2) + 2 - 0)?
-5
Calculate (-2 - 4) + 2 + (-5 - -5).
-4
-12 + 22 + -2 + -3
5
6 + -10 - -9 - 0
5
(-14 - -7) + 5 + -2
-4
Calculate -1 + (-4 - (-2 + 1)).
-4
What is -4 - 0 - -3 - (2 - 0)?
-3
Calculate (0 - (2 + -7 + 3)) + -3.
-1
What is the value of -1 - (1 - 0) - (19 + -20)?
-1
Evaluate 9 - 1 - (-3 - (-13 + 8)).
6
Evaluate 0 + 0 - (-59 - -55).
4
Evaluate 5 - (4 - ((-5 - -13) + -4)).
5
0 + 11 - 8 - (8 + -1)
-4
16 + -1 + -9 - (1 + 5)
0
What is -1 + 7 + (4 - 10) - -2?
2
What is -2 - (-4 - 0 - -9)?
-7
What is the value of 1 + -4 + -4 + 9 + -5?
-3
What is the value of 65 + -56 - (6 - 1)?
4
(-12 - -13) + 6 + 2 + -4
5
(-4 + 0 - -1) + 0
-3
Evaluate 5 + -9 - (4 + -6) - 2.
-4
What is the value of (13 - 8) + 2 + (-4 - -2)?
5
What is (-10 - -4 - -6) + -4 + 1?
-3
Evaluate 5 + -5 + 2 + -3.
-1
What is the value of -7 - -8 - (-2 + 0)?
3
What is 5 + (-10 - -11) - (0 - -1)?
5
12 + -15 + (5 - 1)
1
Calculate 2 + -1 + (5 - 1).
5
Evaluate 1 - (4 + 2) - -2.
-3
Evaluate 3 - 3 - (-7 - -1) - 13.
-7
Evaluate (10 + -7 - 9) + 1.
-5
What is -6 + 23 + -7 - (-1 - -5)?
6
Evaluate (64 - 67) + 2 + -1 + 4.
2
Evaluate -1 - (1 + (-1 - -3)) - 0.
-4
What is the value of 2 - -2 - (1 + -11 - -8)?
6
Calculate 12 - (13 + (-4 - 3)).
6
-1 + (-4 - -9 - -1)
5
What is the value of 2 + (5 - 1) + -7?
-1
What is the value of -6 - (1 + (-2 - 2)) - -5?
2
-1 - (-2 - (2 - 4))
-1
What is the value of (-4 - -2) + -43 + 52?
7
Evaluate -12 + 14 - (-1 - -1) - 0.
2
What is the value of -3 + 5 + 1 - 2?
1
-9 + (-1 - -4 - 3) - -5
-4
What is (-6 - (8 + -12)) + (2 - 0)?
0
What is the value of (-116 - -111) + (-1 - 5)?
-11
-5 - (-5 - -2) - -2
0
-5 + 3 - (4 - 6)
0
Calculate 0 - (14 + -18 - (0 - 8)).
-4
What is the value of -2 + (-16 - -7 - -11)?
0
What is the value of 3 - (-2 - -7) - 1?
-3
What is 58 + -57 + (-2 - 6)?
-7
What is (1 - (0 + 1)) + 5?
5
What is 2 - (1 + (-5 - -9))?
-3
What is 0 + 1 - (-24 - -30)?
-5
Calculate -1 + (2 - 1 - (-8 - -8)).
0
-1 + -8 + 10 + 3 + -8
-4
Evaluate -3 + 8 - (1 + -2 + 10).
-4
What is the value of -7 - (3 - 3) - (4 - 1)?
-10
What is the